1
What is the value of 9 + (1 - 3 - (-1 + -6) - 7)?
7
Evaluate -11 + 15 + -5 + 5.
4
Calculate 1 + (0 - (-5 + 8)).
-2
Calculate 22 - (2 + 0 - (427 - 422)).
25
-53 + (26 - -42 - 37)
-22
Calculate (-11 + -2 - -7 - (1 - 6)) + 1.
0
Evaluate (7 - (4 + -4 + 4)) + -13.
-10
60 - 27 - (52 - 33)
14
What is the value of 3 + (9 - 7) - -7 - 1?
11
-13 + 0 + (55 - 52) + (2 - 1)
-9
(59 - (44 + 29)) + (1 - 0)
-13
34 - (-17 + 11 + 28)
12
What is the value of 1 + (-17 - -7 - -8)?
-1
Calculate -3 - (3 - 1 - -6 - -2).
-13
What is -3 + 2 + 9 + -46 + 39 + 0?
1
Evaluate -11 + -2 - (4 + (30 - 32)).
-15
Calculate -4 + 0 - (30 - 43).
9
What is the value of 11 + (2 - 22) + 3?
-6
-47 - ((28 - 75) + 25)
-25
Calculate (97 + -51 - (1 + 14)) + -12.
19
Calculate -6 - (1 + (-7 - -11)).
-11
Evaluate (-37 - ((-4 - -2) + 0)) + 13.
-22
Calculate 2 + 1 - (-27 + 10 + -1 + 6).
15
What is -13 + (19 + 0 + 2 - 3)?
5
What is -4 + 2 - (23 - (15 + -7))?
-17
Evaluate -24 + -4 + 32 + 0 + (0 - 7).
-3
13 + -6 + -13 - ((-2 - -4) + 3)
-11
Evaluate -8 + -1 - (5 - (-18 + 25)).
-7
Calculate 75 + -85 + (-12 - -33).
11
Evaluate -79 - -111 - (6 + 2).
24
Calculate (-1 - -16) + (-5 - (-5 + 4)).
11
-5 + 20 + (-8 - (-2 + 1))
8
(-6 + 1 - (0 + 5)) + -5
-15
What is the value of (-8 - 1 - (-100 + 110)) + 0?
-19
Evaluate 3 + -20 + -16 + (34 - 34).
-33
Evaluate -19 - (7 + (-9 - 8)).
-9
Calculate -16 + 21 - (16 - (-2 + 2)).
-11
What is 0 + (2 - (7 - (-4 + 3)))?
-6
What is 34 + 17 + -34 + -8 + 2?
11
1 - -1 - -18 - (-6 + 10) - 5
11
Calculate 7 - (9 + -7 + 0 + -1).
6
What is -1 - ((29 - 31) + 2)?
-1
(7 + -7 - (5 + 0)) + 19 + -5
9
What is the value of 11 + (-25 - (-9 - (-9 + 13)))?
-1
Evaluate 5 - 19 - (-35 + 15) - (-33 + -2).
41
What is -20 + (20 - -4 - 19)?
-15
Calculate 6 + 14 + -10 + -12.
-2
Calculate -12 - (17 - 13) - (15 + -20).
-11
Calculate 3 - 23 - (-13 + 3) - -5.
-5
Calculate 4 + 4 + -10 + (5 - (2 + -2)).
3
-10 + (8 - -2) - 24 - (-5 + 5)
-24
Calculate 49 + -55 + 3 + (3 - 1) + -1.
-2
What is -13 + -16 + (20 - 9) - -1?
-17
1 + -3 + (-14 - (2 - 16))
-2
-1 + (15 + (4 - 12) - 13 - -11)
4
Evaluate 0 + -7 + (19 + -10 - 21).
-19
-57 + 98 + -40 + 1 + -7
-5
-4 + (-31 - (2 + -5)) - (162 + -168)
-26
Calculate 5 + (-16 + 9 - (12 + 4)).
-18
Evaluate 23 + (-2 - -2) - (49 - (-80 + 127)).
21
What is the value of -2 + (-23 - 19 - -21)?
-23
What is the value of -24 - 1 - (16 - (54 + -45))?
-32
64 + (29 - 108) - (1 - 0 - 8)
-8
What is -50 + 48 - (-1 - -4 - -9)?
-14
Evaluate -59 + 53 + (5 - 9).
-10
Calculate 9 + (-2 - -7 - 7).
7
16 + -5 + (3 - -4)
18
Calculate 9 + 4 - (11 - 17).
19
Evaluate (-1 - -6) + (0 - 0).
5
What is the value of (10 + 3 - 20 - (-3 - -2)) + 12?
6
-4 + 12 - -4 - 18
-6
What is the value of -8 - -4 - (58 + -44)?
-18
Evaluate -16 - (5 + -10) - -10.
-1
Calculate -214 + 202 - (-4 - (47 - 3)).
36
What is (-9 + 9 - -24) + (0 - 2 - -2)?
24
What is 2 + -1 - -3 - (50 - 55)?
9
What is the value of 11 + -4 + 36 + -33?
10
What is the value of (21 - 5 - 9) + (33 - 3)?
37
What is the value of 3 + 1 - (-19 + (18 - -4))?
1
What is the value of -6 + 1 + 10 + (37 - 27)?
15
What is -34 - (-21 - (14 - 19))?
-18
Calculate 0 - -19 - (50 + (-49 - 1)).
19
Calculate (-49 - -64) + (-4 + -5 - -2).
8
What is (15 - 6) + -17 - -26?
18
What is (-1 - 28) + 1877 + -1842?
6
What is 2 + -3 + (29 - 23) + (0 - 0)?
5
What is 0 + -14 + 1 - (-110 + 116)?
-19
What is the value of -1 + 8 - 14 - ((4 - -2) + -6)?
-7
What is the value of -28 + (25 - 20 - -19)?
-4
What is the value of (-17 - (-3 + -2 + -14)) + -12?
-10
Calculate -17 - -14 - (2 + (-11 - -5) - -1).
0
Evaluate 1 + 9 + -12 + (9 - 1) - 10.
-4
What is the value of 8 + (-17 - -10 - (-6 - -3))?
4
What is -6 + (2 + -3 - 1) + (22 - 20)?
-6
What is the value of 7 + -1 - (-12 - (-9 - 11))?
-2
Calculate (-6 + 5 + 10 + 0 - -1) + -1.
9
Evaluate -13 - ((-144 - -151) + (-39 - 1)).
20
11 + (-52 - (6 + -16) - -6)
-25
Calculate (45 - 12 - 9) + -24.
0
1 + -65 + 27 - (2 + -3)
-36
What is (-5 + -2 - (-9 + 4 - 15)) + -5?
8
2 - (-3 + (66 - 44) + -2 + -6)
-9
Evaluate -666 + 677 - (0 + 0).
11
What is the value of 8 + 4 - (16 + 2)?
-6
What is the value of 1 + -18 - (2119 - 2124)?
-12
30 + -21 - (-1 - (-1 - (9 + -2)))
2
Calculate -20 + ((6 - 3) + -4 - -10).
-11
Calculate 13 + (-17 - (-18 + 4)).
10
Calculate 88 - 90 - (-1 - -2 - 2) - -21.
20
8 + 0 - (139 + -124)
-7
What is -9 + (-14 - -40 - 14)?
3
What is -21 + (2 - (5 - 12)) + 7?
-5
What is 103 + (23 - 67) - 43?
16
What is the value of (-75 - -73) + (-10 - (-1 + 0))?
-11
Evaluate 1 + -23 - ((-13 - (-22 + 15)) + 9).
-25
-14 - -1 - (-42 - -33) - (-2 + -1)
-1
Evaluate 16 + -2 + -1 - (48 - 49).
14
Evaluate 1881 + -1886 - (1 + (1 - 2)).
-5
What is -34 + 39 + -12 + 1 + -1 + 2?
-5
What is the value of (-2 + 9 + -8 - 7 - -30) + -2?
20
Calculate (-1 - -27) + -12 - 11.
3
What is 13 + 0 - (-7 + (-8 - -15) + 8)?
5
Calculate -19 - (0 + 13 + -11 + -6).
-15
What is the value of (14 - 9) + -10 - 3?
-8
-24 + 17 + (24 - 6)
11
What is the value of 35 + -12 + -20 + 3?
6
What is the value of (-10 - -7 - -14) + -7 + -2?
2
What is 13 - (8 + 18) - -16?
3
1 + 1 - (-8 - (-1 - (-7 + 14)))
2
What is (13 - (-1 + (-5 - (5 + -3)))) + -7?
14
Evaluate (-53 - -65) + -35 + 3.
-20
Calculate 2 - (-2 - 4 - (5 + (-1 - 15))).
-3
Calculate 2 - (-44 - (-3 + (-7 - -8))) - 10.
34
What is 2 + -5 + 5 + -4 - 2?
-4
Calculate -22 - (0 + -35 + 19).
-6
What is -22 - (-10 - -7 - (-2 + -4 + 4))?
-21
Evaluate 10 + -1 + -7 + 13 + -21.
-6
(-16 - (-1 - -1)) + (-2909 - -2924)
-1
(-30 - -41) + 12 + -15
8
Evaluate 24 + -1 - (-14 - (10 - (-6 + 35))).
18
6 + -20 + 9 + -5 - (-2 - -3)
-11
Evaluate 2 + 33 + -16 + -18.
1
Evaluate 14 + (17 - 27) + 15 + (-1 - -3).
21
Calculate 1 + -16 + 19 - (5 + 0).
-1
(8 - 3 - (7 + -2)) + 15
15
What is -4 + 29 + -29 - -2?
-2
What is 10 + 7 + -1 + -13 + 7?
10
(-3 - -1) + 74 + -77
-5
Evaluate 20 + -4 - 24 - -29.
21
Evaluate 44 - (39 + -31 + 15).
21
What is the value of 7 + 3 + (-6 - -2) + -2 - 5?
-1
What is the value of -28 + 14 + -2 + 4?
-12
Evaluate -6 - (1 - (-4 - -10 - 12)).
-13
What is the value of 11 + (-4 + 9 + -1 + 0 - 6)?
9
What is the value of 4 + (4 - 3 - -1 - 6) + 6?
6
Evaluate -9 - -11 - -9 - 6.
5
Calculate (27 - 18) + -16 + -5.
-12
What is -40 - -37 - (-18 - -21)?
-6
Evaluate (-1 - 5 - -17) + -12.
-1
Evaluate 12 + (-3 - (14 + -3)) - -8.
6
Calculate 28 - (-8 + 17 - 0).
19
What is the value of (11 + 1 - 1) + 16 + -20 + 2?
9
What is the value of 6 + (5 - (-6 - -19)) - 20?
-22
Calculate -15 + (65 - 34) + -4.
12
What is the value of (-8 - -1 - (0 - 2)) + -14?
-19
What is the value of -16 + (11 - (-27 - -48))?
-26
Evaluate (1 - (4 + (-5 - -4) + -4)) + -6.
-4
Calculate -66 - (6 - 35) - -6.
-31
Calculate -50 + 97 - (3 + 17).
27
What is 66 - (-18 + (19 - -29))?
36
Evaluate 6 + (8 - 24) + (1 - -2).
-7
Evaluate (0 - 6) + (-22 + 14 - -14) + 33.
33
Calculate 11 + (13 - 18) - 23.
-17
Calculate -16 + 16 + 17 - 9.
8
Calculate 13 - (-4 + -13 + 17) - 8.
5
What is the value of -20 + -1 - (-742 - -708)?
13
Calculate (-2 - (-7 - 2)) + (132 - 131).
8
Calculate -2 - 39 - (18 + -38).
-21
Evaluate 1 + -2 + 0 + (22 - 24) - 5.
-8
Calculate 38 + (-2 - (6 - -38)).
-8
What is -18 + (-3 - (-10 + -31)) - 18?
2
(0 + -4 + 5 + -4 - 3) + 1
-5
What is the value of (1 - -3) + 2 + -1 - -6?
11
What is 18 + -9 + (4 + -8 - -35) - 9?
31
What is 1 + (16 - (8 + 7 - -9))?
-7
What is -3 - 12 - 3 - (-25 + 16)?
-9
Evaluate -14 + (-34 - -43) - (-1 - 13 - 0).
9
-1 + 4 + 1 + 1 + -54 + 39
-10
What is the value of -4 + ((5 - 14) + 10 - (1 + 12))?
-16
What is 7 + 4 + (7 - 12) - -11?
17
Evaluate (1 + 5 - (-40 - -48)) + -10 + -2.
-14
Calculate -33 - ((-10 - -5) + -5) - 2.
-25
What is the value of 15 - (28 - -1) - -4?
-10
-1 - ((-9 - (-9 - (5 - 9))) + 11)
-8
Evaluate 0 + 4 + 10 - 5.
9
What is -20 - (0 - 5 - (-2 + 3 - 6))?
-20
-3 - (-3 - -3 - 1 - -33)
-35
What is the value of 1 + (14 - (-8 - -24 - -14))?
-15
What is the value of -16 - (13 + (7 - 16 - 14))?
-6
Evaluate 18 - 1 - 6 - 14.
-3
(1 - 12) + (10 - -4) + -4
-1
Calculate (-11 - -18) + (-4 + (-7 - -10) - 16).
-10
-2 + (5 - (4 - 2)) - (-20 + 5)
16
-5 + -7 - (-7 + 37 + -18)
-24
Evaluate -11 - (-2 - (-10 + 10)).
-9
Calculate 3 - (-40 + 48 + (-9 - -1)).
3
What is 45 - (49 - (-58 - -33))?
-29
13 - (15 + (24 - 12))
-14
What is the value of (12 + -13 - 22 - -3) + (0 - 0)?
-20
14 + (3 - 10) + 